{"id":249,"date":"2015-10-01T15:28:21","date_gmt":"2015-10-01T13:28:21","guid":{"rendered":"http:\/\/youcou.de\/muster2\/?page_id=249"},"modified":"2019-03-21T13:39:39","modified_gmt":"2019-03-21T11:39:39","slug":"besondere-anlaesse","status":"publish","type":"page","link":"https:\/\/www.restaurant-blauegrotte.de\/?page_id=249","title":{"rendered":"Besondere Anl\u00e4sse"},"content":{"rendered":"\n<style type=\"text\/css\" data-created_by=\"avia_inline_auto\" id=\"style-css-av-31ej89-72e298ea111c9361bedaea111ddcf870\">\n.avia-section.av-31ej89-72e298ea111c9361bedaea111ddcf870{\nbackground-color:#001666;\nbackground-image:unset;\n}\n<\/style>\n<div id='av_section_1'  class='avia-section av-31ej89-72e298ea111c9361bedaea111ddcf870 main_color avia-section-small avia-shadow  avia-builder-el-0  el_before_av_one_full  avia-builder-el-first  avia-bg-style-scroll av-minimum-height av-minimum-height-custom av-height-custom  container_wrap fullsize'   data-av_minimum_height_px='10'><div class='container av-section-cont-open' style='height:10px'><main  role=\"main\" itemprop=\"mainContentOfPage\"  class='template-page content  av-content-full alpha units'><div class='post-entry post-entry-type-page post-entry-249'><div class='entry-content-wrapper clearfix'>\n\n<style type=\"text\/css\" data-created_by=\"avia_inline_auto\" id=\"style-css-av-2wm24h-1fe2d957aaab3c301ae7c48ca085c4fe\">\n.flex_column.av-2wm24h-1fe2d957aaab3c301ae7c48ca085c4fe{\nborder-radius:0px 0px 0px 0px;\npadding:0px 0px 0px 0px;\n}\n<\/style>\n<div  class='flex_column av-2wm24h-1fe2d957aaab3c301ae7c48ca085c4fe av_one_fifth  avia-builder-el-1  el_before_av_one_fifth  avia-builder-el-first  first flex_column_div av-zero-column-padding  '     ><style type=\"text\/css\" data-created_by=\"avia_inline_auto\" id=\"style-css-av-2oji8x-d582545e7e043f2bb7339ab774361763\">\n.avia-image-container.av-2oji8x-d582545e7e043f2bb7339ab774361763 img.avia_image{\nbox-shadow:none;\n}\n.avia-image-container.av-2oji8x-d582545e7e043f2bb7339ab774361763 .av-image-caption-overlay-center{\ncolor:#ffffff;\n}\n<\/style>\n<div  class='avia-image-container av-2oji8x-d582545e7e043f2bb7339ab774361763 av-styling- avia-align-center  avia-builder-el-2  avia-builder-el-no-sibling '   itemprop=\"image\" itemscope=\"itemscope\" itemtype=\"https:\/\/schema.org\/ImageObject\" ><div class=\"avia-image-container-inner\"><div class=\"avia-image-overlay-wrap\"><img decoding=\"async\" fetchpriority=\"high\" class='wp-image-281 avia-img-lazy-loading-not-281 avia_image ' src=\"https:\/\/www.restaurant-blauegrotte.de\/wp-content\/uploads\/2015\/10\/Steak.jpg\" alt='' title=''  height=\"160\" width=\"220\"  itemprop=\"thumbnailUrl\"  \/><\/div><\/div><\/div><\/div>\n<style type=\"text\/css\" data-created_by=\"avia_inline_auto\" id=\"style-css-av-2jmam9-f8166e14d350ee96731a5de436de8379\">\n.flex_column.av-2jmam9-f8166e14d350ee96731a5de436de8379{\nborder-radius:0px 0px 0px 0px;\npadding:0px 0px 0px 0px;\n}\n<\/style>\n<div  class='flex_column av-2jmam9-f8166e14d350ee96731a5de436de8379 av_one_fifth  avia-builder-el-3  el_after_av_one_fifth  el_before_av_one_fifth  flex_column_div av-zero-column-padding  '     ><style type=\"text\/css\" data-created_by=\"avia_inline_auto\" id=\"style-css-av-2ez2k1-97f5196eb42b223ad3c4b2a7b68f047e\">\n.avia-image-container.av-2ez2k1-97f5196eb42b223ad3c4b2a7b68f047e img.avia_image{\nbox-shadow:none;\n}\n.avia-image-container.av-2ez2k1-97f5196eb42b223ad3c4b2a7b68f047e .av-image-caption-overlay-center{\ncolor:#ffffff;\n}\n<\/style>\n<div  class='avia-image-container av-2ez2k1-97f5196eb42b223ad3c4b2a7b68f047e av-styling- avia-align-center  avia-builder-el-4  avia-builder-el-no-sibling '   itemprop=\"image\" itemscope=\"itemscope\" itemtype=\"https:\/\/schema.org\/ImageObject\" ><div class=\"avia-image-container-inner\"><div class=\"avia-image-overlay-wrap\"><img decoding=\"async\" fetchpriority=\"high\" class='wp-image-271 avia-img-lazy-loading-not-271 avia_image ' src=\"https:\/\/www.restaurant-blauegrotte.de\/wp-content\/uploads\/2015\/10\/wein.jpg\" alt='' title=''  height=\"160\" width=\"220\"  itemprop=\"thumbnailUrl\"  \/><\/div><\/div><\/div><\/div>\n<style type=\"text\/css\" data-created_by=\"avia_inline_auto\" id=\"style-css-av-29vbl5-05e43d4bd98a03c9fa832bee85bb3d81\">\n.flex_column.av-29vbl5-05e43d4bd98a03c9fa832bee85bb3d81{\nborder-radius:0px 0px 0px 0px;\npadding:0px 0px 0px 0px;\n}\n<\/style>\n<div  class='flex_column av-29vbl5-05e43d4bd98a03c9fa832bee85bb3d81 av_one_fifth  avia-builder-el-5  el_after_av_one_fifth  el_before_av_one_fifth  flex_column_div av-zero-column-padding  '     ><style type=\"text\/css\" data-created_by=\"avia_inline_auto\" id=\"style-css-av-20cgzt-13469a92a738766e2c2743e97ff6d14c\">\n.avia-image-container.av-20cgzt-13469a92a738766e2c2743e97ff6d14c img.avia_image{\nbox-shadow:none;\n}\n.avia-image-container.av-20cgzt-13469a92a738766e2c2743e97ff6d14c .av-image-caption-overlay-center{\ncolor:#ffffff;\n}\n<\/style>\n<div  class='avia-image-container av-20cgzt-13469a92a738766e2c2743e97ff6d14c av-styling- avia-align-center  avia-builder-el-6  avia-builder-el-no-sibling '   itemprop=\"image\" itemscope=\"itemscope\" itemtype=\"https:\/\/schema.org\/ImageObject\" ><div class=\"avia-image-container-inner\"><div class=\"avia-image-overlay-wrap\"><img decoding=\"async\" fetchpriority=\"high\" class='wp-image-445 avia-img-lazy-loading-not-445 avia_image ' src=\"https:\/\/www.restaurant-blauegrotte.de\/wp-content\/uploads\/2019\/03\/Kleines_Bild_Neu2.png\" alt='' title='Kleines_Bild_Neu2'  height=\"160\" width=\"220\"  itemprop=\"thumbnailUrl\"  \/><\/div><\/div><\/div><\/div>\n<style type=\"text\/css\" data-created_by=\"avia_inline_auto\" id=\"style-css-av-1y4wsp-cf2c8cbe4fb14d560ffd84ef872088c0\">\n.flex_column.av-1y4wsp-cf2c8cbe4fb14d560ffd84ef872088c0{\nborder-radius:0px 0px 0px 0px;\npadding:0px 0px 0px 0px;\n}\n<\/style>\n<div  class='flex_column av-1y4wsp-cf2c8cbe4fb14d560ffd84ef872088c0 av_one_fifth  avia-builder-el-7  el_after_av_one_fifth  el_before_av_one_fifth  flex_column_div av-zero-column-padding  '     ><style type=\"text\/css\" data-created_by=\"avia_inline_auto\" id=\"style-css-av-1q7jnd-c603bc3411aa2ddd13635bbad8166ba5\">\n.avia-image-container.av-1q7jnd-c603bc3411aa2ddd13635bbad8166ba5 img.avia_image{\nbox-shadow:none;\n}\n.avia-image-container.av-1q7jnd-c603bc3411aa2ddd13635bbad8166ba5 .av-image-caption-overlay-center{\ncolor:#ffffff;\n}\n<\/style>\n<div  class='avia-image-container av-1q7jnd-c603bc3411aa2ddd13635bbad8166ba5 av-styling- avia-align-center  avia-builder-el-8  avia-builder-el-no-sibling '   itemprop=\"image\" itemscope=\"itemscope\" itemtype=\"https:\/\/schema.org\/ImageObject\" ><div class=\"avia-image-container-inner\"><div class=\"avia-image-overlay-wrap\"><img decoding=\"async\" fetchpriority=\"high\" class='wp-image-268 avia-img-lazy-loading-not-268 avia_image ' src=\"https:\/\/www.restaurant-blauegrotte.de\/wp-content\/uploads\/2015\/10\/fisch.jpg\" alt='' title=''  height=\"160\" width=\"220\"  itemprop=\"thumbnailUrl\"  \/><\/div><\/div><\/div><\/div>\n<style type=\"text\/css\" data-created_by=\"avia_inline_auto\" id=\"style-css-av-1jh1pl-fead38a2e9c38afab00a9510e81f06c4\">\n.flex_column.av-1jh1pl-fead38a2e9c38afab00a9510e81f06c4{\nborder-radius:0px 0px 0px 0px;\npadding:0px 0px 0px 0px;\n}\n<\/style>\n<div  class='flex_column av-1jh1pl-fead38a2e9c38afab00a9510e81f06c4 av_one_fifth  avia-builder-el-9  el_after_av_one_fifth  avia-builder-el-last  flex_column_div av-zero-column-padding  '     ><style type=\"text\/css\" data-created_by=\"avia_inline_auto\" id=\"style-css-av-1hev6p-44be7290ab5bb9a0c12efa27e6a39f57\">\n.avia-image-container.av-1hev6p-44be7290ab5bb9a0c12efa27e6a39f57 img.avia_image{\nbox-shadow:none;\n}\n.avia-image-container.av-1hev6p-44be7290ab5bb9a0c12efa27e6a39f57 .av-image-caption-overlay-center{\ncolor:#ffffff;\n}\n<\/style>\n<div  class='avia-image-container av-1hev6p-44be7290ab5bb9a0c12efa27e6a39f57 av-styling- avia-align-center  avia-builder-el-10  avia-builder-el-no-sibling '   itemprop=\"image\" itemscope=\"itemscope\" itemtype=\"https:\/\/schema.org\/ImageObject\" ><div class=\"avia-image-container-inner\"><div class=\"avia-image-overlay-wrap\"><img decoding=\"async\" fetchpriority=\"high\" class='wp-image-444 avia-img-lazy-loading-not-444 avia_image ' src=\"https:\/\/www.restaurant-blauegrotte.de\/wp-content\/uploads\/2019\/03\/Kleines_Bild_Neu1.png\" alt='' title='Kleines_Bild_Neu1'  height=\"160\" width=\"220\"  itemprop=\"thumbnailUrl\"  \/><\/div><\/div><\/div><\/div><\/div><\/div><\/main><!-- close content main element --><\/div><\/div><div id='after_section_1'  class='main_color av_default_container_wrap container_wrap fullsize'  ><div class='container av-section-cont-open' ><div class='template-page content  av-content-full alpha units'><div class='post-entry post-entry-type-page post-entry-249'><div class='entry-content-wrapper clearfix'>\n<style type=\"text\/css\" data-created_by=\"avia_inline_auto\" id=\"style-css-av-4ivm9-33dcd72cb2ba93474bfc8bb17e8a9665\">\n.flex_column.av-4ivm9-33dcd72cb2ba93474bfc8bb17e8a9665{\nborder-radius:0px 0px 0px 0px;\npadding:0px 0px 0px 0px;\n}\n<\/style>\n<div  class='flex_column av-4ivm9-33dcd72cb2ba93474bfc8bb17e8a9665 av_one_full  avia-builder-el-11  el_after_av_section  el_before_av_one_fifth  avia-builder-el-first  first flex_column_div av-zero-column-padding  '     ><p>\n<style type=\"text\/css\" data-created_by=\"avia_inline_auto\" id=\"style-css-av-13vq5d-0ade01e60723b591da7d18d6a916d1b8\">\n#top .av-special-heading.av-13vq5d-0ade01e60723b591da7d18d6a916d1b8{\npadding-bottom:10px;\ncolor:#000d75;\nfont-size:25px;\n}\nbody .av-special-heading.av-13vq5d-0ade01e60723b591da7d18d6a916d1b8 .av-special-heading-tag .heading-char{\nfont-size:25px;\n}\n#top #wrap_all .av-special-heading.av-13vq5d-0ade01e60723b591da7d18d6a916d1b8 .av-special-heading-tag{\nfont-size:25px;\n}\n.av-special-heading.av-13vq5d-0ade01e60723b591da7d18d6a916d1b8 .special-heading-inner-border{\nborder-color:#000d75;\n}\n.av-special-heading.av-13vq5d-0ade01e60723b591da7d18d6a916d1b8 .av-subheading{\nfont-size:15px;\n}\n\n@media only screen and (min-width: 480px) and (max-width: 767px){ \n#top #wrap_all .av-special-heading.av-13vq5d-0ade01e60723b591da7d18d6a916d1b8 .av-special-heading-tag{\nfont-size:0.8em;\n}\n}\n\n@media only screen and (max-width: 479px){ \n#top #wrap_all .av-special-heading.av-13vq5d-0ade01e60723b591da7d18d6a916d1b8 .av-special-heading-tag{\nfont-size:0.8em;\n}\n}\n<\/style>\n<div  class='av-special-heading av-13vq5d-0ade01e60723b591da7d18d6a916d1b8 av-special-heading-h3 custom-color-heading blockquote modern-quote modern-centered  avia-builder-el-12  el_before_av_textblock  avia-builder-el-first  av-inherit-size'><h3 class='av-special-heading-tag '  itemprop=\"headline\"  >Besondere Anl\u00e4sse<\/h3><div class=\"special-heading-border\"><div class=\"special-heading-inner-border\"><\/div><\/div><\/div><br \/>\n\n<style type=\"text\/css\" data-created_by=\"avia_inline_auto\" id=\"style-css-av-xphdl-b570703b2090cce64e08150493fd58a7\">\n#top .av_textblock_section.av-xphdl-b570703b2090cce64e08150493fd58a7 .avia_textblock{\nfont-size:15px;\n}\n<\/style>\n<section  class='av_textblock_section av-xphdl-b570703b2090cce64e08150493fd58a7 '   itemscope=\"itemscope\" itemtype=\"https:\/\/schema.org\/CreativeWork\" ><div class='avia_textblock'  itemprop=\"text\" ><p style=\"text-align: left;\"><span style=\"color: #000000;\">Egal ob Firmenfeier oder Familienfeier, Geburtstag oder Hochzeitstag, Komunion oder Jubil\u00e4um, die Blaue Grotte freut sich auf Ihre Reservierung. Gerne bieten wir Ihnen nach Ihren w\u00fcnschen, B\u00fcffets, Men\u00fcs oder auch unsere Hauptkarte an. Vereinbaren Sie jederzeit einen Termin zur individuellen Absprache ihrer Festlichkeit. Nat\u00fcrlich k\u00fcmmern wir uns auch gerne um alle Details wie z.B. eine besondere Dekoration, individuellem Blumenschmuck, kulinarische Highlights und Live Musik.<\/span><\/p>\n<\/div><\/section><\/p><\/div><\/p>\n\n<style type=\"text\/css\" data-created_by=\"avia_inline_auto\" id=\"style-css-av-oq9kp-79e95cc48540ce4d59fcdd5b4063aa74\">\n.flex_column.av-oq9kp-79e95cc48540ce4d59fcdd5b4063aa74{\nborder-radius:0px 0px 0px 0px;\npadding:0px 0px 0px 0px;\n}\n<\/style>\n<div  class='flex_column av-oq9kp-79e95cc48540ce4d59fcdd5b4063aa74 av_one_fifth  avia-builder-el-14  el_after_av_one_full  el_before_av_three_fifth  first flex_column_div av-zero-column-padding  column-top-margin'     ><\/div>\n\n<style type=\"text\/css\" data-created_by=\"avia_inline_auto\" id=\"style-css-av-mujax-915085ff92f32e16045dafa5cf6dee38\">\n.flex_column.av-mujax-915085ff92f32e16045dafa5cf6dee38{\nborder-radius:0px 0px 0px 0px;\npadding:0px 0px 0px 0px;\n}\n<\/style>\n<div  class='flex_column av-mujax-915085ff92f32e16045dafa5cf6dee38 av_three_fifth  avia-builder-el-15  el_after_av_one_fifth  el_before_av_one_fifth  flex_column_div av-zero-column-padding  column-top-margin'     ><style type=\"text\/css\" data-created_by=\"avia_inline_auto\" id=\"style-css-av-hk8zt-14fd3a015b6aab64db928f8fa5286c90\">\n.avia-image-container.av-hk8zt-14fd3a015b6aab64db928f8fa5286c90 img.avia_image{\nbox-shadow:none;\n}\n.avia-image-container.av-hk8zt-14fd3a015b6aab64db928f8fa5286c90 .av-image-caption-overlay-center{\ncolor:#ffffff;\n}\n<\/style>\n<div  class='avia-image-container av-hk8zt-14fd3a015b6aab64db928f8fa5286c90 av-styling- avia-align-center  avia-builder-el-16  avia-builder-el-no-sibling '   itemprop=\"image\" itemscope=\"itemscope\" itemtype=\"https:\/\/schema.org\/ImageObject\" ><div class=\"avia-image-container-inner\"><div class=\"avia-image-overlay-wrap\"><img decoding=\"async\" fetchpriority=\"high\" class='wp-image-316 avia-img-lazy-loading-not-316 avia_image ' src=\"https:\/\/www.restaurant-blauegrotte.de\/wp-content\/uploads\/2015\/10\/besondere_bild.jpg\" alt='' title=''  height=\"282\" width=\"524\"  itemprop=\"thumbnailUrl\" srcset=\"https:\/\/www.restaurant-blauegrotte.de\/wp-content\/uploads\/2015\/10\/besondere_bild.jpg 524w, https:\/\/www.restaurant-blauegrotte.de\/wp-content\/uploads\/2015\/10\/besondere_bild-300x161.jpg 300w, https:\/\/www.restaurant-blauegrotte.de\/wp-content\/uploads\/2015\/10\/besondere_bild-450x242.jpg 450w\" sizes=\"(max-width: 524px) 100vw, 524px\" \/><\/div><\/div><\/div><\/div>\n\n<style type=\"text\/css\" data-created_by=\"avia_inline_auto\" id=\"style-css-av-7zen5-a851c9515009acb60cc43d60cffafe9d\">\n.flex_column.av-7zen5-a851c9515009acb60cc43d60cffafe9d{\nborder-radius:0px 0px 0px 0px;\npadding:0px 0px 0px 0px;\n}\n<\/style>\n<div  class='flex_column av-7zen5-a851c9515009acb60cc43d60cffafe9d av_one_fifth  avia-builder-el-17  el_after_av_three_fifth  avia-builder-el-last  flex_column_div av-zero-column-padding  column-top-margin'     ><\/div>\n","protected":false},"excerpt":{"rendered":"","protected":false},"author":1,"featured_media":0,"parent":243,"menu_order":2,"comment_status":"open","ping_status":"open","template":"","meta":{"footnotes":""},"class_list":["post-249","page","type-page","status-publish","hentry"],"_links":{"self":[{"href":"https:\/\/www.restaurant-blauegrotte.de\/index.php?rest_route=\/wp\/v2\/pages\/249","targetHints":{"allow":["GET"]}}],"collection":[{"href":"https:\/\/www.restaurant-blauegrotte.de\/index.php?rest_route=\/wp\/v2\/pages"}],"about":[{"href":"https:\/\/www.restaurant-blauegrotte.de\/index.php?rest_route=\/wp\/v2\/types\/page"}],"author":[{"embeddable":true,"href":"https:\/\/www.restaurant-blauegrotte.de\/index.php?rest_route=\/wp\/v2\/users\/1"}],"replies":[{"embeddable":true,"href":"https:\/\/www.restaurant-blauegrotte.de\/index.php?rest_route=%2Fwp%2Fv2%2Fcomments&post=249"}],"version-history":[{"count":3,"href":"https:\/\/www.restaurant-blauegrotte.de\/index.php?rest_route=\/wp\/v2\/pages\/249\/revisions"}],"predecessor-version":[{"id":447,"href":"https:\/\/www.restaurant-blauegrotte.de\/index.php?rest_route=\/wp\/v2\/pages\/249\/revisions\/447"}],"up":[{"embeddable":true,"href":"https:\/\/www.restaurant-blauegrotte.de\/index.php?rest_route=\/wp\/v2\/pages\/243"}],"wp:attachment":[{"href":"https:\/\/www.restaurant-blauegrotte.de\/index.php?rest_route=%2Fwp%2Fv2%2Fmedia&parent=249"}],"curies":[{"name":"wp","href":"https:\/\/api.w.org\/{rel}","templated":true}]}}